{"id":979,"date":"2026-03-10T21:21:11","date_gmt":"2026-03-10T20:21:11","guid":{"rendered":"https:\/\/blogg.folkuniversitetet.nu\/barkgr\/?page_id=979"},"modified":"2026-03-12T21:41:23","modified_gmt":"2026-03-12T20:41:23","slug":"vecka-3","status":"publish","type":"page","link":"https:\/\/blogg.folkuniversitetet.nu\/barkgr\/b1-del-2-februari-mars\/vecka-3\/","title":{"rendered":"Vecka 3"},"content":{"rendered":"<h2>Tisdag, den 10:e mars<\/h2>\n<p><a href=\"https:\/\/drive.google.com\/file\/d\/1hYLyA9HChkx9lM5fvvq6wlrPenqhWZDt\/view?usp=sharing\">Anteckningar<\/a><\/p>\n<h4>L\u00e4xa:<\/h4>\n<ul>\n<li>Prioritet: TB s. 79-80, l\u00e4s texten, skriv 5-7 fr\u00e5gor till texten<\/li>\n<li>\u00d6B s. 77-79<\/li>\n<\/ul>\n<h2>Torsdag, den 12:e mars<\/h2>\n<p><a href=\"https:\/\/drive.google.com\/file\/d\/15vNQG1abXxCPsWJ3AcinUlBNjAk4mOST\/view?usp=sharing\">Anteckningar<\/a><\/p>\n<p><a href=\"https:\/\/urplay.se\/serie\/206222-nyfiken-pa-sverige\">Nyfiken p\u00e5 Sverige: Sveriges historia<\/a><\/p>\n<h4>L\u00e4xa:<\/h4>\n<ul>\n<li>TB s. 83-84 l\u00e4s dialogerna, skriv ner 5-7 fraser eller ord som du vill l\u00e4ra dig.<\/li>\n<li>TB s. 86-89, l\u00e4s texten, skriv 4-5 fr\u00e5gor till texten<\/li>\n<li>\u00d6B s. 87-88 (till 2. Verb: presens futurum)<\/li>\n<li>Arbeta med ordkort fr\u00e5n kapitel 5 (alla ordkort kan du hitta h\u00e4r p\u00e5 bloggen under fliken &#8221;Rivstart&#8221;)<\/li>\n<li>\u00d6B kapitel 5 &#8211; g\u00f6r det som du inte har gjort.<\/li>\n<\/ul>\n<h4>Sj\u00e4lvstudier (f\u00f6r dem som vill, allts\u00e5 inte obligatoriskt)<\/h4>\n<p>TB s. 82 &#8221;Skriv&#8221;, skriv en text enligt uppgiften i en word fil. Du kan skicka den till mig via mejl.<\/p>\n<p>&nbsp;<\/p>\n","protected":false},"excerpt":{"rendered":"<p>Tisdag, den 10:e mars Anteckningar L\u00e4xa: Prioritet: TB s. 79-80, l\u00e4s texten, skriv 5-7 fr\u00e5gor till texten \u00d6B s. 77-79 Torsdag, den 12:e mars Anteckningar Nyfiken p\u00e5 Sverige: Sveriges historia L\u00e4xa: TB s. 83-84 l\u00e4s dialogerna, skriv ner 5-7 fraser eller ord som du vill l\u00e4ra dig. TB s. 86-89, l\u00e4s texten, skriv 4-5 fr\u00e5gor [&hellip;]<\/p>\n","protected":false},"author":929,"featured_media":0,"parent":960,"menu_order":3,"comment_status":"closed","ping_status":"closed","template":"","meta":{"footnotes":""},"class_list":["post-979","page","type-page","status-publish","hentry","post-preview"],"_links":{"self":[{"href":"https:\/\/blogg.folkuniversitetet.nu\/barkgr\/wp-json\/wp\/v2\/pages\/979","targetHints":{"allow":["GET"]}}],"collection":[{"href":"https:\/\/blogg.folkuniversitetet.nu\/barkgr\/wp-json\/wp\/v2\/pages"}],"about":[{"href":"https:\/\/blogg.folkuniversitetet.nu\/barkgr\/wp-json\/wp\/v2\/types\/page"}],"author":[{"embeddable":true,"href":"https:\/\/blogg.folkuniversitetet.nu\/barkgr\/wp-json\/wp\/v2\/users\/929"}],"replies":[{"embeddable":true,"href":"https:\/\/blogg.folkuniversitetet.nu\/barkgr\/wp-json\/wp\/v2\/comments?post=979"}],"version-history":[{"count":4,"href":"https:\/\/blogg.folkuniversitetet.nu\/barkgr\/wp-json\/wp\/v2\/pages\/979\/revisions"}],"predecessor-version":[{"id":983,"href":"https:\/\/blogg.folkuniversitetet.nu\/barkgr\/wp-json\/wp\/v2\/pages\/979\/revisions\/983"}],"up":[{"embeddable":true,"href":"https:\/\/blogg.folkuniversitetet.nu\/barkgr\/wp-json\/wp\/v2\/pages\/960"}],"wp:attachment":[{"href":"https:\/\/blogg.folkuniversitetet.nu\/barkgr\/wp-json\/wp\/v2\/media?parent=979"}],"curies":[{"name":"wp","href":"https:\/\/api.w.org\/{rel}","templated":true}]}}