{"id":2,"date":"2023-10-09T14:09:18","date_gmt":"2023-10-09T13:09:18","guid":{"rendered":"https:\/\/blogg.folkuniversitetet.nu\/barkgr\/?page_id=2"},"modified":"2025-01-04T17:19:17","modified_gmt":"2025-01-04T16:19:17","slug":"sample-page","status":"publish","type":"page","link":"https:\/\/blogg.folkuniversitetet.nu\/barkgr\/","title":{"rendered":"Hej!"},"content":{"rendered":"<p>V\u00e4lkommen till min kursblogg! H\u00e4r hittar du kursinfo, l\u00e4nkar till olika sidor p\u00e5 n\u00e4tet, lektionsanteckningar osv. Titta i menyn s\u00e5 hittar du allt.<\/p>\n<p><a href=\"http:\/\/blogg.folkuniversitetet.nu\/barkgr\/files\/2025\/01\/IMG_4789-copy.jpeg\"><img loading=\"lazy\" decoding=\"async\" class=\" wp-image-603 aligncenter\" src=\"http:\/\/blogg.folkuniversitetet.nu\/barkgr\/files\/2025\/01\/IMG_4789-copy-300x225.jpeg\" alt=\"\" width=\"742\" height=\"556\" srcset=\"https:\/\/blogg.folkuniversitetet.nu\/barkgr\/files\/2025\/01\/IMG_4789-copy-300x225.jpeg 300w, https:\/\/blogg.folkuniversitetet.nu\/barkgr\/files\/2025\/01\/IMG_4789-copy-1024x768.jpeg 1024w, https:\/\/blogg.folkuniversitetet.nu\/barkgr\/files\/2025\/01\/IMG_4789-copy-768x576.jpeg 768w, https:\/\/blogg.folkuniversitetet.nu\/barkgr\/files\/2025\/01\/IMG_4789-copy-1536x1152.jpeg 1536w, https:\/\/blogg.folkuniversitetet.nu\/barkgr\/files\/2025\/01\/IMG_4789-copy-2048x1536.jpeg 2048w, https:\/\/blogg.folkuniversitetet.nu\/barkgr\/files\/2025\/01\/IMG_4789-copy-676x507.jpeg 676w\" sizes=\"auto, (max-width: 742px) 100vw, 742px\" \/><\/a><\/p>\n","protected":false},"excerpt":{"rendered":"<p>V\u00e4lkommen till min kursblogg! H\u00e4r hittar du kursinfo, l\u00e4nkar till olika sidor p\u00e5 n\u00e4tet, lektionsanteckningar osv. Titta i menyn s\u00e5 hittar du allt.<\/p>\n","protected":false},"author":929,"featured_media":0,"parent":0,"menu_order":1,"comment_status":"closed","ping_status":"closed","template":"","meta":{"footnotes":""},"class_list":["post-2","page","type-page","status-publish","hentry","post-preview"],"_links":{"self":[{"href":"https:\/\/blogg.folkuniversitetet.nu\/barkgr\/wp-json\/wp\/v2\/pages\/2","targetHints":{"allow":["GET"]}}],"collection":[{"href":"https:\/\/blogg.folkuniversitetet.nu\/barkgr\/wp-json\/wp\/v2\/pages"}],"about":[{"href":"https:\/\/blogg.folkuniversitetet.nu\/barkgr\/wp-json\/wp\/v2\/types\/page"}],"author":[{"embeddable":true,"href":"https:\/\/blogg.folkuniversitetet.nu\/barkgr\/wp-json\/wp\/v2\/users\/929"}],"replies":[{"embeddable":true,"href":"https:\/\/blogg.folkuniversitetet.nu\/barkgr\/wp-json\/wp\/v2\/comments?post=2"}],"version-history":[{"count":2,"href":"https:\/\/blogg.folkuniversitetet.nu\/barkgr\/wp-json\/wp\/v2\/pages\/2\/revisions"}],"predecessor-version":[{"id":604,"href":"https:\/\/blogg.folkuniversitetet.nu\/barkgr\/wp-json\/wp\/v2\/pages\/2\/revisions\/604"}],"wp:attachment":[{"href":"https:\/\/blogg.folkuniversitetet.nu\/barkgr\/wp-json\/wp\/v2\/media?parent=2"}],"curies":[{"name":"wp","href":"https:\/\/api.w.org\/{rel}","templated":true}]}}