{"id":1027,"date":"2026-05-05T20:38:48","date_gmt":"2026-05-05T19:38:48","guid":{"rendered":"https:\/\/blogg.folkuniversitetet.nu\/barkgr\/?page_id=1027"},"modified":"2026-05-07T20:13:32","modified_gmt":"2026-05-07T19:13:32","slug":"vecka-5","status":"publish","type":"page","link":"https:\/\/blogg.folkuniversitetet.nu\/barkgr\/b1-del-1-april-maj\/vecka-5\/","title":{"rendered":"Vecka 5"},"content":{"rendered":"<h2>Tisdag, den 5:e maj<\/h2>\n<p><a href=\"https:\/\/drive.google.com\/file\/d\/1e4BlkXVX2kElGHcO8quSzzM5g0LjmmlM\/view?usp=sharing\">Anteckningar<\/a><\/p>\n<h4>L\u00e4xa:<\/h4>\n<ul>\n<li>TB s. 147, \u00a0l\u00e4s och skriv ner 5 fraser\/ord som du vill l\u00e4ra dig.<\/li>\n<\/ul>\n<h2>Torsdag, den 7:e maj<\/h2>\n<p><a href=\"https:\/\/drive.google.com\/file\/d\/1LPZs36ZPC5OI3i4G3wJ7vAqnJOxCiuOY\/view?usp=sharing\">Anteckningar<\/a><\/p>\n<h4>L\u00e4xa:<\/h4>\n<ul>\n<li>\u00d6B s. 135-136<\/li>\n<li>Titta p\u00e5 den h\u00e4r videon om Sveriges historia (<a href=\"https:\/\/urplay.se\/program\/240334-vilken-historia-1800-talet-skiftesreformen\">klicka h\u00e4r<\/a>), g\u00f6r anteckningar och var redo att diskutera de h\u00e4r fr\u00e5gorna:\n<ul>\n<li>Vilken period i svensk historia handlar videon om?<\/li>\n<li>Vilka historiska figurer m\u00f6ter man i videon?<\/li>\n<li>V\u00e4lj 3 fakta som \u00e4r mest intressanta f\u00f6r dig fr\u00e5n detta avsnitt. Var redo att ber\u00e4tta om dem.<\/li>\n<\/ul>\n<\/li>\n<\/ul>\n","protected":false},"excerpt":{"rendered":"<p>Tisdag, den 5:e maj Anteckningar L\u00e4xa: TB s. 147, \u00a0l\u00e4s och skriv ner 5 fraser\/ord som du vill l\u00e4ra dig. Torsdag, den 7:e maj Anteckningar L\u00e4xa: \u00d6B s. 135-136 Titta p\u00e5 den h\u00e4r videon om Sveriges historia (klicka h\u00e4r), g\u00f6r anteckningar och var redo att diskutera de h\u00e4r fr\u00e5gorna: Vilken period i svensk historia handlar [&hellip;]<\/p>\n","protected":false},"author":929,"featured_media":0,"parent":999,"menu_order":5,"comment_status":"closed","ping_status":"closed","template":"","meta":{"footnotes":""},"class_list":["post-1027","page","type-page","status-publish","hentry","post-preview"],"_links":{"self":[{"href":"https:\/\/blogg.folkuniversitetet.nu\/barkgr\/wp-json\/wp\/v2\/pages\/1027","targetHints":{"allow":["GET"]}}],"collection":[{"href":"https:\/\/blogg.folkuniversitetet.nu\/barkgr\/wp-json\/wp\/v2\/pages"}],"about":[{"href":"https:\/\/blogg.folkuniversitetet.nu\/barkgr\/wp-json\/wp\/v2\/types\/page"}],"author":[{"embeddable":true,"href":"https:\/\/blogg.folkuniversitetet.nu\/barkgr\/wp-json\/wp\/v2\/users\/929"}],"replies":[{"embeddable":true,"href":"https:\/\/blogg.folkuniversitetet.nu\/barkgr\/wp-json\/wp\/v2\/comments?post=1027"}],"version-history":[{"count":3,"href":"https:\/\/blogg.folkuniversitetet.nu\/barkgr\/wp-json\/wp\/v2\/pages\/1027\/revisions"}],"predecessor-version":[{"id":1031,"href":"https:\/\/blogg.folkuniversitetet.nu\/barkgr\/wp-json\/wp\/v2\/pages\/1027\/revisions\/1031"}],"up":[{"embeddable":true,"href":"https:\/\/blogg.folkuniversitetet.nu\/barkgr\/wp-json\/wp\/v2\/pages\/999"}],"wp:attachment":[{"href":"https:\/\/blogg.folkuniversitetet.nu\/barkgr\/wp-json\/wp\/v2\/media?parent=1027"}],"curies":[{"name":"wp","href":"https:\/\/api.w.org\/{rel}","templated":true}]}}