{"id":812,"date":"2026-02-04T22:13:41","date_gmt":"2026-02-04T21:13:41","guid":{"rendered":"https:\/\/blogg.folkuniversitetet.nu\/avalan\/?page_id=812"},"modified":"2026-03-31T21:48:59","modified_gmt":"2026-03-31T20:48:59","slug":"kurs-a2-del-1-start-den-9-2","status":"publish","type":"page","link":"https:\/\/blogg.folkuniversitetet.nu\/avalan\/avslutade-kurser\/kurs-a2-del-1-start-den-9-2\/","title":{"rendered":"Kurs A2 del 1, start den 9\/2"},"content":{"rendered":"<p><strong>Lektion 15, den 30\/3<\/strong><\/p>\n<p><em><strong>Idag jobbade vi<\/strong><\/em> med kap 15 och diskuterade f\u00f6rnamn, smeknamn och efternamn.<\/p>\n<p>Tack f\u00f6r era v\u00e4rdefulla kommentarer om kursen!<\/p>\n<p>M\u00e5nga har sv\u00e5rt med <a href=\"https:\/\/www.youtube.com\/watch?v=dBSH_1MqYLs&amp;t=184s\">omv\u00e4nd ordf\u00f6ljd<\/a> efter<a href=\"https:\/\/www.youtube.com\/watch?v=Y4wSMwQxylQ&amp;t=123s\"> tid\/plats\/ eller en bisats<\/a> som st\u00e5r f\u00f6re huvudsatsen.<\/p>\n<p>Det \u00e4r ocks\u00e5 viktigt att kunna \u00e5terber\u00e4tta i d\u00e5tid. <a href=\"https:\/\/www.ovningsmastaren.se\/book\/dd091e17-bfd4-49ef-bfdb-42dde20b4c03\/exercise\/16f6af40-4e91-4fea-b8b9-b958e3a47fd2\">Lyssna p\u00e5 sidan 123<\/a> h\u00e4r f\u00f6r att h\u00f6ra ett exempel.<\/p>\n<p>Fyll i <a href=\"https:\/\/forms.office.com\/Pages\/ResponsePage.aspx?id=v7nTpIIg7k6ref1Af67x5b_pOYJ-wJROssn1VFAhfCpUMEM4VDNYOFM3WEU1NlI2Vk05UVo0N0tCRS4u\">kursens utv\u00e4rdering h\u00e4r.<\/a><\/p>\n<p>Lycka till med era studier!<\/p>\n<p>&nbsp;<\/p>\n<p><strong>Lektion 14, den 25\/3<\/strong><\/p>\n<p>Vi b\u00f6rjade med kap.15 och gjorde sidorna 175-177. Vi avslutade lektionen med en kortskrivning.<\/p>\n<p><strong>L\u00e4xa:<\/strong><\/p>\n<p>L\u00e4s texten om namn p\u00e5 s.179-180. \u00d6va p\u00e5 att \u00e5terber\u00e4tta texten.<\/p>\n<p>G\u00f6r uppgifter till kap.15 i \u00d6B.<\/p>\n<p>N\u00e4sta vecka har vi v\u00e5r sista lektion.<\/p>\n<p>Lycka till!<\/p>\n<p>&nbsp;<\/p>\n<p><strong>Lektion 13, den 23\/3<\/strong><\/p>\n<p>P\u00e5 lektionen gick vi igenom sidorna 168-174.<\/p>\n<p><strong>L\u00e4xa:<\/strong><\/p>\n<p><strong>Skriv en kort text och svara till Maria Svensk (TB s.174, s.171).\u00a0 Ber\u00e4tta om etikettregler i andra l\u00e4nder.\u00a0 Skicka texten till mig.<\/strong><\/p>\n<p>G\u00f6r de digitala \u00f6vningarna h\u00e4r och skriv ditt namn p\u00e5 Leaderboard:<\/p>\n<p><a href=\"https:\/\/wordwall.net\/resource\/94394355\">Skriv verbet som passar b\u00e4st.<\/a><\/p>\n<p><a href=\"https:\/\/wordwall.net\/resource\/94393955\">Kombinera!<\/a><\/p>\n<p>V\u00e4lj <a href=\"https:\/\/wordwall.net\/resource\/94349957\">SOM eller D\u00c4R<\/a><\/p>\n<p>Lycka till!<\/p>\n<p>&nbsp;<\/p>\n<p><strong>Lektion 12, den 18\/3<\/strong><\/p>\n<p>Vi jobbade med TB s.166-167 och \u00d6B s.178.<\/p>\n<p><strong>L\u00e4xa:<\/strong><\/p>\n<p>G\u00f6r s.179-183 och kontrollera i facit.<\/p>\n<p>Skriv 10 komplimanger till varandra.<\/p>\n<p><em>Extra uppgift:<\/em><\/p>\n<p>Titta p\u00e5 n\u00e5gra filmer om p\u00e5sk i Sverige:<\/p>\n<p><a href=\"https:\/\/www.youtube.com\/watch?v=eZtBVZgzGFY&amp;list=PLT-CZOyeutsCc42dL4AMsr8Gqb5eXFAxY\">P\u00e5sk 1<\/a><\/p>\n<p><a href=\"https:\/\/www.youtube.com\/watch?v=D56gcdpQD4Q\">P\u00e5sk 2<\/a><\/p>\n<p>Lycka till!<\/p>\n<p>&nbsp;<\/p>\n<p><strong>Lektion 11, den 16\/3<\/strong><\/p>\n<p>Vi jobbade med kap.14, sidorna 158-164 i TB.<\/p>\n<p><strong>Sv\u00e5ra ord: <a href=\"https:\/\/www.youtube.com\/watch?v=Hw-5MwPhmjA\">g\u00e5 hem &#8211; vara hemma<\/a> \/stanna ute &#8211; springa ut \/ \u00e5ka utomlands \/ tycka om=gilla \/b\u00f6r.<\/strong><\/p>\n<p><strong>L\u00e4xa:<\/strong><\/p>\n<p>Jobba med \u00d6B s.178-180.<\/p>\n<p><strong>Skriv 10 egna exempel med indirekt tal, SOM och D\u00c4R.\u00a0 Skriv dina meningar i d\u00e5tid. Skicka till mig.<\/strong> Titta p\u00e5 <a href=\"https:\/\/blogg.folkuniversitetet.nu\/avalan\/kurs-svenska-a2-del1\/\">filmer till kap.14<\/a> \u00a0innan du skriver.<\/p>\n<p>Fyll i <a href=\"https:\/\/forms.office.com\/Pages\/ResponsePage.aspx?id=v7nTpIIg7k6ref1Af67x5b_pOYJ-wJROssn1VFAhfCpUMEM4VDNYOFM3WEU1NlI2Vk05UVo0N0tCRS4u\">kursens utv\u00e4rdering h\u00e4r.<\/a><\/p>\n<p>Lycka till!<\/p>\n<p>&nbsp;<\/p>\n<p><strong>Lektion 10, den 11\/3<\/strong><\/p>\n<p>Vi jobbade med sidorna 156 i TB och s.170-172 i \u00d6B.<\/p>\n<p><strong>L\u00e4xa:<\/strong><\/p>\n<p>Repetera <a href=\"https:\/\/www.youtube.com\/watch?v=j4Gg-eZgRLo&amp;t=1s\">possessiva reflexiva pronomen h\u00e4r<\/a> och <a href=\"https:\/\/www.youtube.com\/watch?v=RGF5HovXON0\">hj\u00e4lpverb<\/a> .<\/p>\n<p><strong>G\u00f6r skrivuppgiften p\u00e5 s.157 och skriv en kort text.<\/strong><\/p>\n<p>Jobba med TB s.158-160 och \u00d6B s.175-177.<\/p>\n<p><strong>Extra uppgift:<\/strong><\/p>\n<p>Lyssna p\u00e5 sfipodden <a href=\"https:\/\/sfipodd.se\/hur-var-din-semester\/\">Hur var din semester?<\/a> \u00a0f\u00f6r att repetera hur man ber\u00e4ttar i d\u00e5tid.<\/p>\n<p>Lycka till!<\/p>\n<p>&nbsp;<\/p>\n<p><strong>Lektion 9, den 9\/3<\/strong><\/p>\n<p>Vi gick igenom sidorna 152-155 i TB.<\/p>\n<p>Vi diskuterade f\u00f6ljande:<\/p>\n<p>Jag har stress. Jag \u00e4r stressad. Jag blir stressad. Dagen \u00e4r stressig. Nyheter stressar mig.<\/p>\n<p>\u00f6verl\u00e4kare, specialistl\u00e4kare, allm\u00e4n l\u00e4kare, sjuksk\u00f6terska, undersk\u00f6terska, v\u00e5rdbitr\u00e4de<\/p>\n<p><strong>L\u00e4xa:<\/strong><\/p>\n<p>Lyssna p\u00e5 uppgiften p\u00e5 s.156 G och svara p\u00e5 fr\u00e5gorna.<\/p>\n<p>Skriv 10 meningar med adjektiv p\u00e5 s.155.<\/p>\n<p>G\u00f6r alla uppgifter i \u00d6B till kap.13<\/p>\n<p>Lycka till!<\/p>\n<p>&nbsp;<\/p>\n<p><strong>Lektion 8, den 4\/3<\/strong><\/p>\n<p>Vi jobbade med texten om Fadime\u00a0 fr\u00e5n kap.13. Vi tr\u00e4nade ocks\u00e5 p\u00e5 att ber\u00e4tta i d\u00e5tid och gick igenom sidan 167 i \u00f6vningsboken.<\/p>\n<p><strong>L\u00e4xa:<\/strong><\/p>\n<p>G\u00f6r uppgifter i \u00d6B p\u00e5 s.168-172 och kontrollera i facit p\u00e5 www.nok.se<\/p>\n<p>G\u00f6r Framstegstest 4, r\u00e4tta det och skicka ditt resultat till mig.<\/p>\n<p><strong>Skriv en kort text och ber\u00e4tta om en speciell dag p\u00e5 ditt jobb (TB s.152 C). Om du vill kan du skicka texten till mig.<\/strong><\/p>\n<p><a href=\"https:\/\/www.ovningsmastaren.se\/book\/dd091e17-bfd4-49ef-bfdb-42dde20b4c03\/exercise\/16f6af40-4e91-4fea-b8b9-b958e3a47fd2\">Lyssna p\u00e5 sidan 123.<\/a> Det \u00e4r ett exempel p\u00e5 hur man ska ber\u00e4tta i d\u00e5tid.<\/p>\n<p>Lycka till!<\/p>\n<p>&nbsp;<\/p>\n<p><strong>Lektion 7, den 3\/2<\/strong><\/p>\n<p>Vi gick igenom sidorna 147-149 i textboken och sidan 166 i \u00f6vningsboken.<\/p>\n<p><strong>L\u00e4xa:<\/strong><\/p>\n<p><strong>Lyssna p\u00e5 texten p\u00e5 s.150 och l\u00e4s den. Skriv 10 fr\u00e5gor till texten.\u00a0<\/strong><\/p>\n<p>Jobba med \u00f6vningsboken s.167-169 och g\u00f6r digitala \u00f6vningar p\u00e5 www.nok.se (extra material).<\/p>\n<p>G\u00f6r de digitala uppgifterna h\u00e4r: <a href=\"https:\/\/wordwall.net\/resource\/93976971\">preteritum eller perfekt? <\/a>,\u00a0\u00a0<a href=\"https:\/\/wordwall.net\/resource\/93977095\">infinitiv eller infinitiv+att<\/a><\/p>\n<p>Titta p\u00e5 <a href=\"https:\/\/blogg.folkuniversitetet.nu\/avalan\/kurs-svenska-a2-del1\/\">filmerna till kap.13 h\u00e4r.<\/a><\/p>\n<p>Lyssna p\u00e5 sfipodden\u00a0 <a href=\"https:\/\/sfipodd.se\/tycker-eller-tror\/\">Tror eller tycker<\/a> f\u00f6r att repetera.<\/p>\n<p>Lycka till!<\/p>\n<p>&nbsp;<\/p>\n<p><strong>Lektion 6, den 25\/2<\/strong><\/p>\n<p>Vi jobbade med sidorna 139-144 i textboken.<\/p>\n<p><strong>L\u00e4xa:<\/strong><\/p>\n<p>G\u00f6r alla uppgifter till kap.12 i \u00f6vningsboken och kontrollera i facit p\u00e5 www.nok.se (extra material till Rivstart A1A2).<\/p>\n<p><strong>Skriv en text om maten i ditt land. Textboken s.146.<\/strong><\/p>\n<p>G\u00f6r uppgifterna <a href=\"https:\/\/wordwall.net\/resource\/93721761\">\u00d6va ord 1<\/a> ,\u00a0 <a href=\"https:\/\/wordwall.net\/resource\/93721419\">\u00d6va ord 2.\u00a0\u00a0<\/a> \u00a0\u00a0Skriv ditt namn p\u00e5 Leaderboard.<\/p>\n<p>Titta p\u00e5 alla <a href=\"https:\/\/blogg.folkuniversitetet.nu\/avalan\/kurs-svenska-a2-del1\/\">filmer till kap.12!<\/a><\/p>\n<p>Lycka till!<\/p>\n<p>&nbsp;<\/p>\n<p><strong>Lektion 5, den 23\/2<\/strong><\/p>\n<p>Vi tr\u00e4nade p\u00e5 att ber\u00e4tta i d\u00e5tid. D\u00e4refter jobbade vi med fr\u00e5gorna p\u00e5 sidan 137 G i textboken och lyssnade p\u00e5 uppgiften H. Till slut gick vi igenom sidorna 152 och 153 i \u00f6vningsboken.<\/p>\n<p><strong>L\u00e4xa:<\/strong><\/p>\n<p>L\u00e4s sidorna 139-140 i textboken och lyssna p\u00e5 texterna p\u00e5 www.nok.se. <strong>V\u00e4lj en eller tv\u00e5 r\u00e5varor fr\u00e5n texten och tr\u00e4na p\u00e5 att ber\u00e4tta om dem.<\/strong><\/p>\n<p>Titta p\u00e5 filmer\u00a0 <a href=\"https:\/\/blogg.folkuniversitetet.nu\/avalan\/kurs-svenska-a2-del1\/\">till kap.12 \u00e4r h\u00e4r.<\/a><\/p>\n<p>Lycka till!<\/p>\n<p>&nbsp;<\/p>\n<p><strong>Lektion 4, den 18\/2<\/strong><\/p>\n<p>Vi repeterade verbgrupper och tempus. D\u00e4refter gick vi igenom sidorna 134-135 i textboken.<\/p>\n<p><strong>L\u00e4xa:<\/strong><\/p>\n<p>G\u00f6r meningar med verb och satsadverbial <a href=\"http:\/\/blogg.folkuniversitetet.nu\/avalan\/files\/2026\/02\/satsadverbial.Gor-meningar-1.pdf\">satsadverbial.G\u00f6r meningar!\u00a0<\/a>\u00a0 \u00a0T\u00e4nk p\u00e5 tempus och ordf\u00f6ljd n\u00e4r du skriver. Kontrollera med chatgpt <strong>eller<\/strong> skicka till mig.<\/p>\n<p>N\u00e4sta vecka ska vi arbeta med bisatser.<\/p>\n<p>Jobba med sidorna\u00a0 kap.12,136-137 i textboken och sidorna 149-152 i \u00f6vningsboken.<\/p>\n<p>G\u00f6r uppgifterna <a href=\"https:\/\/wordwall.net\/resource\/93721034\">Tycker eller tror?\u00a0<\/a>\u00a0 \u00a0<a href=\"https:\/\/wordwall.net\/resource\/93488155\">f\u00e5\/m\u00e5nga\/lite\/mycket<\/a><\/p>\n<p>Lycka till!<\/p>\n<p>&nbsp;<\/p>\n<p><strong>Lektion 3, den 16\/2<\/strong><\/p>\n<p>Vi jobbade med sidorna 126, 130-131 i textboken och sidan 144 i \u00f6vningsboken.<\/p>\n<p><strong>L\u00e4xa:<\/strong><\/p>\n<p>G\u00f6r alla uppgifter i kap.11 i textboken och \u00f6vningsboken. G\u00f6r en ordlista med nya ord till kap.11!<\/p>\n<p>M\u00e5nga har sv\u00e5rt med verbgrupper. Titta p\u00e5 filmen om <a href=\"https:\/\/www.youtube.com\/watch?v=L2AfKcTsBac\">verbgrupper h\u00e4r<\/a><\/p>\n<p>och <a href=\"https:\/\/www.youtube.com\/watch?v=9Y5babdXe7U\">filmen om preteritum och perfekt h\u00e4r.<\/a><\/p>\n<p>G\u00f6r de digitala uppgifterna\u00a0 <a href=\"https:\/\/wordwall.net\/resource\/85847287\">verbtest<\/a>\u00a0 \u00a0och\u00a0 <a href=\"https:\/\/wordwall.net\/resource\/85215408\">verbgrupper\u00a0<\/a><\/p>\n<p>Lycka till!<\/p>\n<p>&nbsp;<\/p>\n<p><strong>Lektion 2, den 11\/2<\/strong><\/p>\n<p>Vi gick igenom samordnade konjunktioner och omv\u00e4nd ordf\u00f6ljd p\u00e5 s.137 i \u00f6vningsboken.<\/p>\n<p><strong>L\u00e4xa:<\/strong><\/p>\n<p>Titta p\u00e5 filmerna <a href=\"https:\/\/blogg.folkuniversitetet.nu\/avalan\/kurs-svenska-a2-del1\/\">till kap.11<\/a><\/p>\n<p>Repetera omv\u00e4rd ordf\u00f6ljd med hj\u00e4lp av filmerna <a href=\"https:\/\/www.youtube.com\/watch?v=dBSH_1MqYLs\">h\u00e4r<\/a> och <a href=\"https:\/\/www.youtube.com\/watch?v=uQhCogbBuF4\">h\u00e4r .<\/a><\/p>\n<p>Jobba med \u00f6vningsboken, s.138-146. Kontrollera dina svar p\u00e5 www.nok.se<\/p>\n<p><strong>Om du vill, skriv ett svar fr\u00e5n Anna till en av personerna (textboken s.126 I). Anv\u00e4nd inte mobilen. Skicka texten till mig.<\/strong><\/p>\n<p>G\u00f6r uppgiften <a href=\"https:\/\/wordwall.net\/resource\/92819851\">Hj\u00e4lp digitala problem<\/a> och skriv ditt namn p\u00e5 <em>Leaderboard<\/em>.<\/p>\n<p>G\u00f6r uppgiften <a href=\"https:\/\/wordwall.net\/resource\/92819398\">Substantiv i best\u00e4md\/obest\u00e4md<\/a> form.<\/p>\n<p>M\u00e5nga vill titta p\u00e5 filmer p\u00e5 l\u00e4tt svenska. H\u00e4r finns det en l\u00e4nk till filmen <a href=\"https:\/\/urplay.se\/serie\/239258-mitt-nya-land\">Mitt nya land.<\/a><\/p>\n<p>Lycka till!<\/p>\n<p>&nbsp;<\/p>\n<p><strong>Lektion 1, den 9\/2.<\/strong><\/p>\n<p>Vi jobbade med textboken kap.11, s.121-122.<\/p>\n<p>Nya ord: nyfiken, pirrig, \u00f6ppna f\u00f6rskolan, t\u00e5lamod, ett samh\u00e4lle, att peppa (peppar).<\/p>\n<p><strong>L\u00e4xa:<\/strong><\/p>\n<p>L\u00e4s och lyssna p\u00e5 texterna p\u00e5 s.124-125 i textboken.<\/p>\n<p>Jobba med \u00f6vningsboken sidorna 134&#8211;137. Kontrollera dina svar i facit p\u00e5 www.nok.se<\/p>\n<p>Titta p\u00e5 <a href=\"https:\/\/blogg.folkuniversitetet.nu\/avalan\/kurs-svenska-a2-del1\/\">filmerna till kap.11.<\/a><\/p>\n<p>Lycka till!<\/p>\n<p>\/Anna<\/p>\n","protected":false},"excerpt":{"rendered":"<p>Lektion 15, den 30\/3 Idag jobbade vi med kap 15 och diskuterade f\u00f6rnamn, smeknamn och efternamn. Tack f\u00f6r era v\u00e4rdefulla kommentarer om kursen! M\u00e5nga har sv\u00e5rt med omv\u00e4nd ordf\u00f6ljd efter tid\/plats\/ eller en bisats som st\u00e5r f\u00f6re huvudsatsen. Det \u00e4r ocks\u00e5 viktigt att kunna \u00e5terber\u00e4tta i d\u00e5tid. Lyssna p\u00e5 sidan 123 h\u00e4r f\u00f6r att h\u00f6ra [&hellip;]<\/p>\n","protected":false},"author":953,"featured_media":0,"parent":229,"menu_order":0,"comment_status":"closed","ping_status":"closed","template":"","meta":{"footnotes":""},"class_list":["post-812","page","type-page","status-publish","hentry","post-preview"],"_links":{"self":[{"href":"https:\/\/blogg.folkuniversitetet.nu\/avalan\/wp-json\/wp\/v2\/pages\/812","targetHints":{"allow":["GET"]}}],"collection":[{"href":"https:\/\/blogg.folkuniversitetet.nu\/avalan\/wp-json\/wp\/v2\/pages"}],"about":[{"href":"https:\/\/blogg.folkuniversitetet.nu\/avalan\/wp-json\/wp\/v2\/types\/page"}],"author":[{"embeddable":true,"href":"https:\/\/blogg.folkuniversitetet.nu\/avalan\/wp-json\/wp\/v2\/users\/953"}],"replies":[{"embeddable":true,"href":"https:\/\/blogg.folkuniversitetet.nu\/avalan\/wp-json\/wp\/v2\/comments?post=812"}],"version-history":[{"count":27,"href":"https:\/\/blogg.folkuniversitetet.nu\/avalan\/wp-json\/wp\/v2\/pages\/812\/revisions"}],"predecessor-version":[{"id":888,"href":"https:\/\/blogg.folkuniversitetet.nu\/avalan\/wp-json\/wp\/v2\/pages\/812\/revisions\/888"}],"up":[{"embeddable":true,"href":"https:\/\/blogg.folkuniversitetet.nu\/avalan\/wp-json\/wp\/v2\/pages\/229"}],"wp:attachment":[{"href":"https:\/\/blogg.folkuniversitetet.nu\/avalan\/wp-json\/wp\/v2\/media?parent=812"}],"curies":[{"name":"wp","href":"https:\/\/api.w.org\/{rel}","templated":true}]}}