{"id":380,"date":"2025-05-18T13:27:48","date_gmt":"2025-05-18T12:27:48","guid":{"rendered":"https:\/\/blogg.folkuniversitetet.nu\/avalan\/?page_id=380"},"modified":"2026-01-27T21:24:48","modified_gmt":"2026-01-27T20:24:48","slug":"kurs-svenska-a2-del1","status":"publish","type":"page","link":"https:\/\/blogg.folkuniversitetet.nu\/avalan\/kurs-svenska-a2-del1\/","title":{"rendered":"Kurs A2 del1"},"content":{"rendered":"<p><strong>Filmer:<\/strong><\/p>\n<p><strong>Kapitel 11.<\/strong><\/p>\n<p><a href=\"https:\/\/www.youtube.com\/watch?v=d_vZ-xrUz8I\">Personbeskrivning Hussein<\/a><\/p>\n<p><a href=\"https:\/\/www.youtube.com\/watch?v=y4NAJnOTjaU\">Personbeskrivning Carl Philip<\/a><\/p>\n<p><a href=\"https:\/\/www.youtube.com\/watch?v=jWIKiZ5-81k&amp;t=1s\">Beskriv en person<\/a><\/p>\n<p><a href=\"https:\/\/www.youtube.com\/watch?v=hYe3IGsxjjs\">Att beskriva en person<\/a><\/p>\n<p>Grammatik:<\/p>\n<p><a href=\"https:\/\/www.youtube.com\/watch?v=xHpMk9eDH3U\">Jag ocks\u00e5, inte jag heller<\/a><\/p>\n<p><a href=\"https:\/\/www.youtube.com\/watch?v=7U98s1GAQvs\">\u00d6va konjunktioner<\/a><\/p>\n<p><a href=\"https:\/\/www.youtube.com\/watch?v=k0FsXrkioiM&amp;list=PL6FQkC8yA6Y-qovsQ7JOD9wKysb7bFZO8\">Samordnade konjuktioner Anita<\/a><\/p>\n<p><a href=\"https:\/\/www.youtube.com\/watch?v=eEAmxPBnBKo\">Samordnade konjunktioner sfigunilla<\/a><\/p>\n<p><a href=\"https:\/\/www.youtube.com\/watch?v=wJg1WXJ_KNY\">Substantiv, n\u00e4r skriver vi best\u00e4md eller obest\u00e4md form?<\/a><\/p>\n<p><a href=\"https:\/\/www.youtube.com\/watch?v=qvSMm8-wJBA\">Substantiv i best\u00e4md\/ovest\u00e4md form<\/a><\/p>\n<p><a href=\"https:\/\/www.youtube.com\/watch?v=iEvqySeYGq4\">Sunstantiv i best\u00e4md\/obest\u00e4md form &#8211; Anita<\/a><\/p>\n<p><strong>Kapitel 12.<\/strong><\/p>\n<p><a href=\"https:\/\/www.youtube.com\/watch?v=hB5tgtzLFEc\">Swedish main and subordinated clause<\/a><\/p>\n<p><a href=\"https:\/\/www.youtube.com\/watch?v=-5JdSqXVscY\">Gunillasfi bisatser del 1<\/a><\/p>\n<p><a href=\"https:\/\/www.youtube.com\/watch?v=xszv94ES1oU&amp;t=1s\">Gunillasfi bisatser del 2<\/a><\/p>\n<p><a href=\"https:\/\/www.youtube.com\/watch?v=EyE71PNMWDM\">Gunillasfi bisatser del 3<\/a><\/p>\n<p><a href=\"https:\/\/www.youtube.com\/watch?v=mnntKXspn_o\">Gunillasfi bisatser del 4<\/a><\/p>\n<p><a href=\"https:\/\/www.youtube.com\/watch?v=zapoiEMQnz8\">Handla mat p\u00e5 svenska<\/a><\/p>\n<p><a href=\"https:\/\/www.youtube.com\/watch?v=PfzKwYBrJYI\">Vilken mat \u00e4ter vi i Sverige?<\/a><\/p>\n<p><a href=\"https:\/\/www.youtube.com\/watch?v=RsifnPajH2E\">M\u00e5nga och mycket<\/a><\/p>\n<p><a href=\"https:\/\/www.youtube.com\/watch?v=b0xMntEV50k\">Tycker, t\u00e4nker, tror<\/a><\/p>\n<p><a href=\"https:\/\/www.youtube.com\/watch?v=v4U1wWz93yI\">Jag h\u00e5ller p\u00e5 &#8230;<\/a><\/p>\n<p><strong>Kapitel 13.<\/strong><\/p>\n<p><a href=\"https:\/\/www.youtube.com\/watch?v=FPek2MPLT98\">Adverb, riktning och plats<\/a><\/p>\n<p><a href=\"https:\/\/www.youtube.com\/watch?v=vVA7NXIW4Ys\">Olika yrken<\/a><\/p>\n<p><a href=\"https:\/\/www.youtube.com\/watch?v=9Y5babdXe7U&amp;t=1s\">Perfekt eller preteritum<\/a><\/p>\n<p><a href=\"https:\/\/www.youtube.com\/watch?v=qN1B8CyoPCc&amp;t=468s\">Preteritum och perfekt<\/a><\/p>\n<p><a href=\"https:\/\/www.youtube.com\/watch?v=W2WksSXNBNw\">Preteritum eller perfekt<\/a><\/p>\n<p><a href=\"https:\/\/www.youtube.com\/watch?v=NwywIBIuKoE\">Preteritum och perfekt<\/a><\/p>\n<p><a href=\"https:\/\/www.youtube.com\/watch?v=cgoehgb1nVM\">Indirekt tal och fr\u00e5ga<\/a><\/p>\n<p><a href=\"https:\/\/www.youtube.com\/watch?v=SwzORSMSRew\">Utrop!<\/a><\/p>\n<p><strong>Kapitel 14.<\/strong><\/p>\n<p><a href=\"https:\/\/www.youtube.com\/watch?v=7uLIIZCZ3IQ\">Possessiva pronomen och possessiva reflexiva pronomen<\/a><\/p>\n<p><a href=\"https:\/\/www.youtube.com\/watch?v=-VNzgYJZsPI\">Direkt och indirekt tal<\/a><\/p>\n<p><a href=\"https:\/\/www.youtube.com\/watch?v=cgoehgb1nVM&amp;t=222s\">Fr\u00e5ga och indirekt tal<\/a><\/p>\n<p><a href=\"https:\/\/www.youtube.com\/watch?v=3mJ0-oGYFmE&amp;list=PLVbS-Kv2oKzrWihSBX50FTABf21LKagIK\">Direkt och indirekt tal oh fr\u00e5gor<\/a><\/p>\n<p><a href=\"https:\/\/www.youtube.com\/watch?v=d4ejCUnmKfA\">Relativa bisatser<\/a><\/p>\n<p><a href=\"https:\/\/www.youtube.com\/watch?v=Dx3HP0nZOTA\">Relativa bisatser<\/a><\/p>\n<p><a href=\"https:\/\/www.youtube.com\/watch?v=u5XUZXO3P2w&amp;t=610s\">Verbgrupper<\/a><\/p>\n<p><a href=\"https:\/\/www.youtube.com\/watch?v=h-rC3HBpG08\">Vad ska du g\u00f6ra p\u00e5 semestern?<\/a><\/p>\n<p><strong>Kapitel 15<\/strong><\/p>\n<p><a href=\"https:\/\/www.youtube.com\/watch?v=-VpLYz-DyAA\">Possessiva reflexiva pronomen<\/a><\/p>\n<p><a href=\"https:\/\/www.youtube.com\/watch?v=0gc2yGx0iGw\">Possessiva och possessiva reflexiva pronomen.<\/a><\/p>\n<p><a href=\"https:\/\/www.youtube.com\/watch?v=j4Gg-eZgRLo\">SFI gunilla sin, sitt, sina och hans, hennes<\/a><\/p>\n","protected":false},"excerpt":{"rendered":"<p>Filmer: Kapitel 11. Personbeskrivning Hussein Personbeskrivning Carl Philip Beskriv en person Att beskriva en person Grammatik: Jag ocks\u00e5, inte jag heller \u00d6va konjunktioner Samordnade konjuktioner Anita Samordnade konjunktioner sfigunilla Substantiv, n\u00e4r skriver vi best\u00e4md eller obest\u00e4md form? Substantiv i best\u00e4md\/ovest\u00e4md form Sunstantiv i best\u00e4md\/obest\u00e4md form &#8211; Anita Kapitel 12. Swedish main and subordinated clause Gunillasfi [&hellip;]<\/p>\n","protected":false},"author":953,"featured_media":0,"parent":0,"menu_order":0,"comment_status":"closed","ping_status":"closed","template":"","meta":{"footnotes":""},"class_list":["post-380","page","type-page","status-publish","hentry","post-preview"],"_links":{"self":[{"href":"https:\/\/blogg.folkuniversitetet.nu\/avalan\/wp-json\/wp\/v2\/pages\/380","targetHints":{"allow":["GET"]}}],"collection":[{"href":"https:\/\/blogg.folkuniversitetet.nu\/avalan\/wp-json\/wp\/v2\/pages"}],"about":[{"href":"https:\/\/blogg.folkuniversitetet.nu\/avalan\/wp-json\/wp\/v2\/types\/page"}],"author":[{"embeddable":true,"href":"https:\/\/blogg.folkuniversitetet.nu\/avalan\/wp-json\/wp\/v2\/users\/953"}],"replies":[{"embeddable":true,"href":"https:\/\/blogg.folkuniversitetet.nu\/avalan\/wp-json\/wp\/v2\/comments?post=380"}],"version-history":[{"count":12,"href":"https:\/\/blogg.folkuniversitetet.nu\/avalan\/wp-json\/wp\/v2\/pages\/380\/revisions"}],"predecessor-version":[{"id":799,"href":"https:\/\/blogg.folkuniversitetet.nu\/avalan\/wp-json\/wp\/v2\/pages\/380\/revisions\/799"}],"wp:attachment":[{"href":"https:\/\/blogg.folkuniversitetet.nu\/avalan\/wp-json\/wp\/v2\/media?parent=380"}],"curies":[{"name":"wp","href":"https:\/\/api.w.org\/{rel}","templated":true}]}}