{"id":357,"date":"2025-04-28T17:21:34","date_gmt":"2025-04-28T16:21:34","guid":{"rendered":"https:\/\/blogg.folkuniversitetet.nu\/avalan\/?page_id=357"},"modified":"2025-06-29T15:01:27","modified_gmt":"2025-06-29T14:01:27","slug":"kurs-a1-del-2-start-8-maj","status":"publish","type":"page","link":"https:\/\/blogg.folkuniversitetet.nu\/avalan\/avslutade-kurser\/kurs-a1-del-2-start-8-maj\/","title":{"rendered":"Kurs A1 del 2, start 8 maj"},"content":{"rendered":"<p><strong>Lektion 15, den 26\/6<\/strong><\/p>\n<p>Vi gick igenom <em>Framstegstest 3<\/em> och jobbade med repetition.<\/p>\n<p>Tack f\u00f6r kursen!<\/p>\n<p>Ha en riktigt h\u00e4rlig sommar och vi ses i h\u00f6st!<\/p>\n<p><iframe loading=\"lazy\" title=\"Tomas Ledin- Sommaren \u00e4r kort Lyrics\" width=\"676\" height=\"507\" src=\"https:\/\/www.youtube.com\/embed\/wlhY1WEAH8U?feature=oembed\" frameborder=\"0\" allow=\"accelerometer; autoplay; clipboard-write; encrypted-media; gyroscope; picture-in-picture; web-share\" referrerpolicy=\"strict-origin-when-cross-origin\" allowfullscreen><\/iframe><\/p>\n<p>&nbsp;<\/p>\n<p><strong>Lektion 14, den 24\/6<\/strong><\/p>\n<p>Vi arbetade med sidorna 131-132 (substantiv) i \u00f6vningsboken och tr\u00e4nade uttal p\u00e5 s.118 i\u00a0 textboken.<\/p>\n<p><strong>L\u00e4xa:<\/strong><\/p>\n<p>\u00d6vningsboken s.132-133.<\/p>\n<p><strong>Skriv 10-15 meningar med substantiv och verb p\u00e5 s.132. Anv\u00e4nd bisatser och b\u00f6rja n\u00e5gra meningar med tid eller plats. Skicka till mig.<\/strong><\/p>\n<p>Lycka till!<\/p>\n<p>&nbsp;<\/p>\n<p><strong>Lektion 13, den 19\/6<\/strong><\/p>\n<p>Vi gick igenom sidorna 112-113, s.117-118.<\/p>\n<p><strong>L\u00e4xa:<\/strong><\/p>\n<ol>\n<li><strong>T\u00e4nk p\u00e5 ditt hemland. Vad \u00e4r konstigt i ditt land f\u00f6r personer fr\u00e5n andra l\u00e4nder? Skriv 5-10 meningar. Skicka till mig.<\/strong><\/li>\n<\/ol>\n<p>2. Arbeta med sidorna 128-133 i \u00f6vningsboken.<\/p>\n<p>Digitala uppgifter:<\/p>\n<p><a href=\"https:\/\/wordwall.net\/resource\/93924243\">Prepositioner s.123 \u00f6vningsboken<\/a><\/p>\n<p><a href=\"https:\/\/wordwall.net\/resource\/93924856\">\u00d6va ord, \u00f6vningsboken s.133<\/a><\/p>\n<p><a href=\"https:\/\/wordwall.net\/resource\/93925075\">\u00d6va ord, s.133. Verb.<\/a><\/p>\n<p><a href=\"https:\/\/wordwall.net\/resource\/93925382\">Vad vet du om svenskar och Sverige?<\/a><\/p>\n<p>3. <a href=\"https:\/\/blogg.folkuniversitetet.nu\/avalan\/kurs-a1-del-2\/\">Titta p\u00e5 filmer till kap.10.<\/a><\/p>\n<p>Lycka till!<\/p>\n<p>&nbsp;<\/p>\n<p>&nbsp;<\/p>\n<p><strong>Lektion 12, den 17\/6<\/strong><\/p>\n<p>Vi arbetade med sidorna 119-121 i \u00f6vningsboken.<\/p>\n<p><strong>L\u00e4xa:<\/strong><\/p>\n<p>G\u00f6r sidorna 122-125 i \u00f6vningsboken och sidorna 106-111 i textboken.<\/p>\n<p>L\u00e4s texten p\u00e5 s.108 i textboken. Skriv och ber\u00e4tta: <em>Vart vill du \u00e5ka? Varf\u00f6r?\u00a0 Vad vill du g\u00f6ra d\u00e4r? Med vem vill du \u00e5ka dit? <\/em>Skicka till mig.<\/p>\n<p>Lycka till!<\/p>\n<p>&nbsp;<\/p>\n<p><strong>Lektion 11, den 13\/6<\/strong><\/p>\n<p>Vi l\u00e4ste sidorna 104-105 i textboken och sidan 119 i \u00f6vningsboken.<\/p>\n<p><strong>L\u00e4xa:<\/strong><\/p>\n<ol>\n<li>G\u00f6r uppgifter 120-125 i \u00f6vningsboken och sidorna 106-111 i \u00f6vningsboken.<\/li>\n<li>Titta p\u00e5 <a href=\"https:\/\/blogg.folkuniversitetet.nu\/avalan\/kurs-a1-del-2\/\">filmerna till kap.9<\/a>3. Digitala \u00f6vningar: <a href=\"https:\/\/wordwall.net\/resource\/93526420\">G\u00e5 eller \u00e5ka?<\/a><a href=\"https:\/\/wordwall.net\/resource\/93526841\">Sidan 104 F,\u00a0\u00a0\u00a0<\/a><a href=\"https:\/\/wordwall.net\/resource\/93527285\">Textboken s.111<\/a><a href=\"https:\/\/wordwall.net\/resource\/93527592\">\u00d6vningsboken s.125<\/a><\/li>\n<\/ol>\n<p>Lycka till!<\/p>\n<p>&nbsp;<\/p>\n<p><strong>Lektion 10, den 6\/10<\/strong><\/p>\n<p>Vi l\u00e4ste sidorna 101-103 i textboken och sidan 115 i \u00f6vningsboken.<\/p>\n<p>M\u00e5nga elever har sv\u00e5rt med klockan.<a href=\"https:\/\/www.youtube.com\/watch?v=-CWCXEd3m20\"> Titta p\u00e5 film och repetera!<\/a><\/p>\n<p><strong>L\u00e4xa:<\/strong><\/p>\n<ol>\n<li>G\u00f6r uppgifter i \u00f6vningsboken s.116-119.<\/li>\n<\/ol>\n<p>2.\u00a0 L\u00e4s textboken s.104-107.<\/p>\n<p>Vi ses p\u00e5\u00a0 torsdag!<\/p>\n<p>&nbsp;<\/p>\n<p><strong>Lektion 9, den 5\/6<\/strong><\/p>\n<p>Vi arbetade med sidorna 94-98 i textboken.<\/p>\n<p><strong>L\u00e4xa:<\/strong><\/p>\n<ol>\n<li>G\u00f6r en ordlista med minst 10 nya ord fr\u00e5n kap.8! Skriv meningar med dem och skicka till mig.<\/li>\n<li>G\u00f6r uppgifterna i \u00f6vningsboken s.108-112.<\/li>\n<li>Titta p\u00e5 <a href=\"https:\/\/blogg.folkuniversitetet.nu\/avalan\/kurs-a1-del-2\/\">filmerna till kap 8 och 9.<\/a><\/li>\n<\/ol>\n<p>Lycka till!<\/p>\n<p>&nbsp;<\/p>\n<p><strong>Lektion 8, den 3\/6<\/strong><\/p>\n<p>Vi gick igenom sidorna 92-93 i textboken och sidorna 111, 105 i \u00f6vningsboken.<\/p>\n<p><strong>L\u00e4xa:<\/strong><\/p>\n<p>Arbeta med sidorna 106-112 i \u00f6vningsboken. Kontrollera dina svar i <a href=\"http:\/\/blogg.folkuniversitetet.nu\/avalan\/files\/2025\/06\/Rivstart-A1-A2-Ovningsbok-facit-2.pdf\">Rivstart A1 A2 \u00d6vningsbok facit<\/a> eller p\u00e5 www.nok.se<\/p>\n<p>L\u00e4s sidorna 94-100.<\/p>\n<p><strong>Skriv ett mejl till en v\u00e4n eller kollega om ditt liv<\/strong> (se sidan 100 i textboken).<\/p>\n<p>Lycka till!<\/p>\n<p>&nbsp;<\/p>\n<p><strong>Lektion 7, den 29\/5<\/strong><\/p>\n<p><em><strong>Glad Kristi Flygare! N\u00e4sta vecka firar man <a href=\"https:\/\/www.youtube.com\/watch?v=BwgUXJNrXcA\">Sveriges nationaldag.<\/a><\/strong><\/em><\/p>\n<p>Idag l\u00e4ste vi sidorna 88-91 i textboken och gick igenom sidorna 102-104 i \u00f6vningsboken. Vi pratade ocks\u00e5 om veganer.<a href=\"https:\/\/urplay.se\/program\/199763-amira-ar-har-med-stodord-vegan\"> Titta p\u00e5 filmen!<\/a><\/p>\n<p><strong>L\u00e4xa:<\/strong><\/p>\n<ol>\n<li>G\u00f6r sidorna 105-107 i \u00f6vningsboken och\u00a0 92-95 i textboken.<\/li>\n<li>Titta p\u00e5 bilderna p\u00e5 s.92 i textboken. <strong>Skriv en egen dialog med hj\u00e4lp av fraserna p\u00e5 s.92<\/strong>.<\/li>\n<li>G\u00f6r <a href=\"https:\/\/digi.nokportalen.se\/areas\/097eeb94-4c9e-4237-b6d0-759561dbc671\">digitala uppgifter till kap.8 p\u00e5 www.nok.se<\/a><\/li>\n<li><a href=\"http:\/\/wordwall.net\/resource\/92525613\">Presens eller preteritum?<\/a><\/li>\n<li><a href=\"http:\/\/wordwall.net\/resource\/82024202\">presens\/futurum\/preteritum<\/a><\/li>\n<li><a href=\"https:\/\/wordwall.net\/resource\/81715950\">Verbgrupper<\/a><\/li>\n<li><a href=\"http:\/\/wordwall.net\/resource\/81590601\">V\u00e4lj r\u00e4tt svar!<\/a><\/li>\n<li><a href=\"https:\/\/wordwall.net\/resource\/83052464\">H\u00f6gtider\u00a0<\/a><\/li>\n<li><a href=\"https:\/\/www.youtube.com\/watch?v=9Y5babdXe7U\">Film Preteritum eller perfekt<\/a><\/li>\n<\/ol>\n<p>Lycka till!<\/p>\n<p>&nbsp;<\/p>\n<p>&nbsp;<\/p>\n<p>&nbsp;<\/p>\n<p><strong>Lektion 6, den 27\/5<\/strong><\/p>\n<p>Vi arbetade med sidorna 80-85 i textboken.<\/p>\n<p><strong>L\u00e4xa:<\/strong><\/p>\n<p>G\u00f6r sidorna 90-99 i \u00f6vningsboken.<\/p>\n<p>Titta p\u00e5 filmerna <a href=\"https:\/\/www.youtube.com\/watch?v=8olJ7tVKmfA\">om adjektiv i komparation<\/a><\/p>\n<p><a href=\"https:\/\/www.youtube.com\/watch?v=bOi5d93d-jg\">Adjektiv\u00a0<\/a><\/p>\n<p><a href=\"https:\/\/www.youtube.com\/watch?v=Wlzjqh5vZlk\">Adjektiv i olika former<\/a><\/p>\n<p>Textboken s.87: <em>Skriv en text om ett bra och ett d\u00e5ligt k\u00f6p<\/em>. Skicka till mig.<\/p>\n<p>Lycka till!<\/p>\n<p>&nbsp;<\/p>\n<p>&nbsp;<\/p>\n<p>&nbsp;<\/p>\n<p><strong>Lektion 5, den 22\/5<\/strong><\/p>\n<p>Vi gjorde sidorna 86-89 i \u00f6vningsboken och sidorna 77-78 i textboken.<\/p>\n<p><strong>Hemma:<\/strong><\/p>\n<p>Arbeta med textboken s.79-87.<\/p>\n<p>G\u00f6r uppgifterna i \u00f6vningsboken s.91-99.<\/p>\n<p><a href=\"https:\/\/digi.nokportalen.se\/contents\/6789d6e6-d612-45be-8d0d-1439294f69ea?section=1d749e4f-2a36-4904-b257-4674fcbf2f45\">Lyssna p\u00e5 dialogerna n\u00e5gra g\u00e5nger!<\/a><\/p>\n<p>Skriv en kort text och ber\u00e4tta: <em>Vad har du i din l\u00e4genhet? Vad beh\u00f6ver du k\u00f6pa? Varf\u00f6r beh\u00f6ver du k\u00f6pa det?<\/em><\/p>\n<p>Anv\u00e4nd <em>n\u00e5gon\/n\u00e5got\/n\u00e5gra<\/em> och <em>ingen\/inget\/inga<\/em> n\u00e4r du skriver!<\/p>\n<p>Lycka till!<\/p>\n<p>&nbsp;<\/p>\n<p><strong>Lektion 4, den 20\/5<\/strong><\/p>\n<p>Vi arbetade med sidorna 75-76 i textboken.<\/p>\n<p><strong>L\u00e4xa:<\/strong><\/p>\n<p>Arbeta med textboken s.77-81.<\/p>\n<p>\u00d6vningsboken s.86-91. Titta p\u00e5<a href=\"https:\/\/www.youtube.com\/watch?v=8fppvJ6Hcnk\"> filmen om indefinita pronomen.<\/a><\/p>\n<p>Skriv en kort text och ber\u00e4tta: <em>Vad vill du ha? Vad dr\u00f6mmer du om? \u00c4r det n\u00e5got du inte beh\u00f6ver?<\/em> (s.76 B).<\/p>\n<p>Skicka till mig.<\/p>\n<p><a href=\"https:\/\/app.edcafe.ai\/flashcards\/682cc333da542512d659e83f\">Nya ord fr\u00e5n sidan 75<\/a><\/p>\n<p>Lycka till!<\/p>\n<p>&nbsp;<\/p>\n<p><strong>Lektion 3, den 15\/5<\/strong><\/p>\n<p>Idag gick vi igenom sidorna 77-79 i textboken och lyssnade p\u00e5 texten om Nobel i textboken p\u00e5 s.70.<\/p>\n<p><strong>L\u00e4xa:<\/strong><\/p>\n<p><a href=\"https:\/\/digi.nokportalen.se\/contents\/003d77c5-d000-4cd1-976e-643cc0cde4d3?section=02407c73-99b4-49f6-a0bf-bee3b2834b6d\">Lyssna p\u00e5 texten om Nobel<\/a> och l\u00e4s den!<\/p>\n<p>G\u00f6r en ordlista med nya ord!<\/p>\n<p>Skriv 10 fr\u00e5gor till texten!<\/p>\n<p>Skriv 15 verb fr\u00e5n texten i imperativ, infinitiv, presens och preteritum!<\/p>\n<p>Svara p\u00e5 fr\u00e5gorna p\u00e5 s.72 F: <em>Vad gjorde du i fredags, i v\u00e5ras, i vintras?<\/em><\/p>\n<p>Skriv en kort text om en ber\u00f6md person fr\u00e5n ditt land (s.73 G).\u00a0 Skriv inte personens namn. L\u00e4s din text p\u00e5 lektionen!<\/p>\n<p>Digitala uppgifter:<\/p>\n<p><a href=\"https:\/\/wordwall.net\/resource\/81917482\/sfi\/verbgrupper\">Verbgrupper<\/a><\/p>\n<p><a href=\"http:\/\/wordwall.net\/resource\/85950444\">Texten om Alfred Nobel<\/a><\/p>\n<p>Tr\u00e4na vokalerna! <a href=\"http:\/\/wordwall.net\/resource\/83440050\">Lyssna och skriv!<\/a><\/p>\n<p>Lycka till!<\/p>\n<p>&nbsp;<\/p>\n<p><strong>Lektion 2, den 13\/5<\/strong><\/p>\n<p>Vi arbetade med sidorna 74, 75 i \u00f6vningsboken och sidorna 67-69 i textboken.<\/p>\n<p><strong>L\u00e4xa:<\/strong><\/p>\n<p>Jobba med \u00f6vningsboken s.76-83.<\/p>\n<p>G\u00f6r en ordlista med nya ord fr\u00e5n kap.6!<\/p>\n<p>Skicka din text om din familj om du inte har gjort det!<\/p>\n<p>Arbeta med de digitala \u00f6vningarna och skriv ditt namn p\u00e5 <em>Leaderboard<\/em>:<\/p>\n<p><a href=\"https:\/\/wordwall.net\/resource\/92053651\">Possessiva pronomen. Uppgift 1.<\/a><\/p>\n<p><a href=\"https:\/\/wordwall.net\/resource\/92053781\">Possessiva pronomen. Uppgift 2.<\/a><\/p>\n<p><a href=\"https:\/\/wordwall.net\/resource\/92053857\">Personliga pronomen<\/a><\/p>\n<p><a href=\"https:\/\/nybildetema.oslomet.no\/se\/#\/swe\/djur\">Studera bilder med djur i bildteman! Repetera!<\/a><\/p>\n<p><a href=\"https:\/\/wordwall.net\/resource\/92054180\">Djur<\/a><\/p>\n<p><a href=\"https:\/\/wordwall.net\/resource\/92054267\">Para ihop djur!<\/a><\/p>\n<p>Lycka till!<\/p>\n<p><strong>Lektion 1, den 8\/5<\/strong><\/p>\n<p>V\u00e4lkomna till kursen!<\/p>\n<p>Vi arbetade med sidorna 64-66 i textboken.<\/p>\n<p><strong>Nya ord<\/strong>: f\u00f6r\u00e4ldraledig, ensam, en syster &#8211; m\u00e5nga <strong>systrar<\/strong>, en bror- m\u00e5nga <strong>br\u00f6der<\/strong>, en faster- m\u00e5nga <strong>fastrar,<\/strong> en moster- m\u00e5nga <strong>mostrar,<\/strong> en kusin- m\u00e5nga <strong>kusiner<\/strong><\/p>\n<p><strong>L\u00e4xa:<\/strong><\/p>\n<p>Arbeta med \u00f6vningsboken s.73-80.<\/p>\n<p>Skriv en text om din sl\u00e4kt och skicka till mig anna.avall@folkuniversitetet.se<\/p>\n<p>Titta p\u00e5 <a href=\"https:\/\/blogg.folkuniversitetet.nu\/avalan\/kurs-a1-del-2\/\">filmerna till kap.6<\/a><\/p>\n<p>Lycka till!<\/p>\n","protected":false},"excerpt":{"rendered":"<p>Lektion 15, den 26\/6 Vi gick igenom Framstegstest 3 och jobbade med repetition. Tack f\u00f6r kursen! Ha en riktigt h\u00e4rlig sommar och vi ses i h\u00f6st! &nbsp; Lektion 14, den 24\/6 Vi arbetade med sidorna 131-132 (substantiv) i \u00f6vningsboken och tr\u00e4nade uttal p\u00e5 s.118 i\u00a0 textboken. L\u00e4xa: \u00d6vningsboken s.132-133. Skriv 10-15 meningar med substantiv och [&hellip;]<\/p>\n","protected":false},"author":953,"featured_media":0,"parent":229,"menu_order":1,"comment_status":"closed","ping_status":"closed","template":"","meta":{"footnotes":""},"class_list":["post-357","page","type-page","status-publish","hentry","post-preview"],"_links":{"self":[{"href":"https:\/\/blogg.folkuniversitetet.nu\/avalan\/wp-json\/wp\/v2\/pages\/357","targetHints":{"allow":["GET"]}}],"collection":[{"href":"https:\/\/blogg.folkuniversitetet.nu\/avalan\/wp-json\/wp\/v2\/pages"}],"about":[{"href":"https:\/\/blogg.folkuniversitetet.nu\/avalan\/wp-json\/wp\/v2\/types\/page"}],"author":[{"embeddable":true,"href":"https:\/\/blogg.folkuniversitetet.nu\/avalan\/wp-json\/wp\/v2\/users\/953"}],"replies":[{"embeddable":true,"href":"https:\/\/blogg.folkuniversitetet.nu\/avalan\/wp-json\/wp\/v2\/comments?post=357"}],"version-history":[{"count":31,"href":"https:\/\/blogg.folkuniversitetet.nu\/avalan\/wp-json\/wp\/v2\/pages\/357\/revisions"}],"predecessor-version":[{"id":488,"href":"https:\/\/blogg.folkuniversitetet.nu\/avalan\/wp-json\/wp\/v2\/pages\/357\/revisions\/488"}],"up":[{"embeddable":true,"href":"https:\/\/blogg.folkuniversitetet.nu\/avalan\/wp-json\/wp\/v2\/pages\/229"}],"wp:attachment":[{"href":"https:\/\/blogg.folkuniversitetet.nu\/avalan\/wp-json\/wp\/v2\/media?parent=357"}],"curies":[{"name":"wp","href":"https:\/\/api.w.org\/{rel}","templated":true}]}}