{"id":45,"date":"2025-09-18T16:36:30","date_gmt":"2025-09-18T15:36:30","guid":{"rendered":"https:\/\/blogg.folkuniversitetet.nu\/alexto\/?page_id=45"},"modified":"2026-02-02T15:22:01","modified_gmt":"2026-02-02T14:22:01","slug":"rivstart","status":"publish","type":"page","link":"https:\/\/blogg.folkuniversitetet.nu\/alexto\/rivstart\/","title":{"rendered":"Rivstart"},"content":{"rendered":"<p>De l\u00e4romedel som vi anv\u00e4nder p\u00e5 kurserna heter Rivstart A1+A2, Rivstart B1+B2 och Rivstart B2+C1 och best\u00e5r av tv\u00e5 b\u00f6cker vardera: textbok och \u00f6vningsbok.<\/p>\n<p>F\u00f6lj <a href=\"http:\/\/blogg.folkuniversitetet.nu\/alexto\/files\/2025\/09\/Access-Rivstart-Extramaterial-NY.pdf\">instruktionerna<\/a> f\u00f6r att f\u00e5 tillg\u00e5ng till bokens extramaterial (ljudfiler, \u00f6vningar, facit, m.m.).<\/p>\n<p>&nbsp;<\/p>\n<p><a style=\"font-size: 1rem\" href=\"http:\/\/blogg.folkuniversitetet.nu\/alexto\/files\/2025\/09\/Rivstart1-text.jpg\"><img loading=\"lazy\" decoding=\"async\" class=\"alignnone wp-image-64\" src=\"http:\/\/blogg.folkuniversitetet.nu\/alexto\/files\/2025\/09\/Rivstart1-text-207x300.jpg\" alt=\"\" width=\"104\" height=\"150\" srcset=\"https:\/\/blogg.folkuniversitetet.nu\/alexto\/files\/2025\/09\/Rivstart1-text-207x300.jpg 207w, https:\/\/blogg.folkuniversitetet.nu\/alexto\/files\/2025\/09\/Rivstart1-text-708x1024.jpg 708w, https:\/\/blogg.folkuniversitetet.nu\/alexto\/files\/2025\/09\/Rivstart1-text-768x1111.jpg 768w, https:\/\/blogg.folkuniversitetet.nu\/alexto\/files\/2025\/09\/Rivstart1-text-960x1388.jpg 960w, https:\/\/blogg.folkuniversitetet.nu\/alexto\/files\/2025\/09\/Rivstart1-text.jpg 968w\" sizes=\"auto, (max-width: 104px) 100vw, 104px\" \/><\/a><span style=\"font-size: 1rem\"> \u00a0<\/span><a style=\"font-size: 1rem\" href=\"http:\/\/blogg.folkuniversitetet.nu\/alexto\/files\/2025\/09\/Rivstart1-ovning.jpg\"><img loading=\"lazy\" decoding=\"async\" class=\"alignnone wp-image-63\" src=\"http:\/\/blogg.folkuniversitetet.nu\/alexto\/files\/2025\/09\/Rivstart1-ovning-207x300.jpg\" alt=\"\" width=\"104\" height=\"150\" srcset=\"https:\/\/blogg.folkuniversitetet.nu\/alexto\/files\/2025\/09\/Rivstart1-ovning-207x300.jpg 207w, https:\/\/blogg.folkuniversitetet.nu\/alexto\/files\/2025\/09\/Rivstart1-ovning-708x1024.jpg 708w, https:\/\/blogg.folkuniversitetet.nu\/alexto\/files\/2025\/09\/Rivstart1-ovning-768x1111.jpg 768w, https:\/\/blogg.folkuniversitetet.nu\/alexto\/files\/2025\/09\/Rivstart1-ovning-960x1388.jpg 960w, https:\/\/blogg.folkuniversitetet.nu\/alexto\/files\/2025\/09\/Rivstart1-ovning.jpg 968w\" sizes=\"auto, (max-width: 104px) 100vw, 104px\" \/><\/a><span style=\"font-size: 1rem\"> \u00a0 \u00a0 <\/span><a style=\"font-size: 1rem\" href=\"http:\/\/blogg.folkuniversitetet.nu\/alexto\/files\/2025\/09\/Rivstart2-text.jpg\"><img loading=\"lazy\" decoding=\"async\" class=\"alignnone wp-image-65\" src=\"http:\/\/blogg.folkuniversitetet.nu\/alexto\/files\/2025\/09\/Rivstart2-text-212x300.jpg\" alt=\"\" width=\"106\" height=\"150\" srcset=\"https:\/\/blogg.folkuniversitetet.nu\/alexto\/files\/2025\/09\/Rivstart2-text-212x300.jpg 212w, https:\/\/blogg.folkuniversitetet.nu\/alexto\/files\/2025\/09\/Rivstart2-text-722x1024.jpg 722w, https:\/\/blogg.folkuniversitetet.nu\/alexto\/files\/2025\/09\/Rivstart2-text-768x1089.jpg 768w, https:\/\/blogg.folkuniversitetet.nu\/alexto\/files\/2025\/09\/Rivstart2-text-960x1362.jpg 960w, https:\/\/blogg.folkuniversitetet.nu\/alexto\/files\/2025\/09\/Rivstart2-text.jpg 987w\" sizes=\"auto, (max-width: 106px) 100vw, 106px\" \/> \u00a0<\/a><a style=\"font-size: 1rem\" href=\"http:\/\/blogg.folkuniversitetet.nu\/alexto\/files\/2025\/09\/Rivstart2-ovning.jpg\"><img loading=\"lazy\" decoding=\"async\" class=\"alignnone wp-image-66\" src=\"http:\/\/blogg.folkuniversitetet.nu\/alexto\/files\/2025\/09\/Rivstart2-ovning-214x300.jpg\" alt=\"\" width=\"107\" height=\"150\" srcset=\"https:\/\/blogg.folkuniversitetet.nu\/alexto\/files\/2025\/09\/Rivstart2-ovning-214x300.jpg 214w, https:\/\/blogg.folkuniversitetet.nu\/alexto\/files\/2025\/09\/Rivstart2-ovning-731x1024.jpg 731w, https:\/\/blogg.folkuniversitetet.nu\/alexto\/files\/2025\/09\/Rivstart2-ovning-768x1076.jpg 768w, https:\/\/blogg.folkuniversitetet.nu\/alexto\/files\/2025\/09\/Rivstart2-ovning-960x1345.jpg 960w, https:\/\/blogg.folkuniversitetet.nu\/alexto\/files\/2025\/09\/Rivstart2-ovning.jpg 999w\" sizes=\"auto, (max-width: 107px) 100vw, 107px\" \/><\/a><\/p>\n<p><a href=\"http:\/\/blogg.folkuniversitetet.nu\/alexto\/files\/2025\/09\/Rivstart3-text.jpg\"><img loading=\"lazy\" decoding=\"async\" class=\"alignnone wp-image-67\" src=\"http:\/\/blogg.folkuniversitetet.nu\/alexto\/files\/2025\/09\/Rivstart3-text-212x300.jpg\" alt=\"\" width=\"106\" height=\"150\" srcset=\"https:\/\/blogg.folkuniversitetet.nu\/alexto\/files\/2025\/09\/Rivstart3-text-212x300.jpg 212w, https:\/\/blogg.folkuniversitetet.nu\/alexto\/files\/2025\/09\/Rivstart3-text-725x1024.jpg 725w, https:\/\/blogg.folkuniversitetet.nu\/alexto\/files\/2025\/09\/Rivstart3-text-768x1085.jpg 768w, https:\/\/blogg.folkuniversitetet.nu\/alexto\/files\/2025\/09\/Rivstart3-text-960x1356.jpg 960w, https:\/\/blogg.folkuniversitetet.nu\/alexto\/files\/2025\/09\/Rivstart3-text.jpg 991w\" sizes=\"auto, (max-width: 106px) 100vw, 106px\" \/> \u00a0<\/a><a href=\"http:\/\/blogg.folkuniversitetet.nu\/alexto\/files\/2025\/09\/Rivstart3-ovning.jpg\"><img loading=\"lazy\" decoding=\"async\" class=\"alignnone wp-image-68\" src=\"http:\/\/blogg.folkuniversitetet.nu\/alexto\/files\/2025\/09\/Rivstart3-ovning-206x300.jpg\" alt=\"\" width=\"103\" height=\"150\" srcset=\"https:\/\/blogg.folkuniversitetet.nu\/alexto\/files\/2025\/09\/Rivstart3-ovning-206x300.jpg 206w, https:\/\/blogg.folkuniversitetet.nu\/alexto\/files\/2025\/09\/Rivstart3-ovning-701x1024.jpg 701w, https:\/\/blogg.folkuniversitetet.nu\/alexto\/files\/2025\/09\/Rivstart3-ovning-768x1121.jpg 768w, https:\/\/blogg.folkuniversitetet.nu\/alexto\/files\/2025\/09\/Rivstart3-ovning.jpg 959w\" sizes=\"auto, (max-width: 103px) 100vw, 103px\" \/><\/a><\/p>\n","protected":false},"excerpt":{"rendered":"<p>De l\u00e4romedel som vi anv\u00e4nder p\u00e5 kurserna heter Rivstart A1+A2, Rivstart B1+B2 och Rivstart B2+C1 och best\u00e5r av tv\u00e5 b\u00f6cker vardera: textbok och \u00f6vningsbok. F\u00f6lj instruktionerna f\u00f6r att f\u00e5 tillg\u00e5ng till bokens extramaterial (ljudfiler, \u00f6vningar, facit, m.m.). &nbsp; \u00a0 \u00a0 \u00a0 \u00a0 \u00a0<\/p>\n","protected":false},"author":967,"featured_media":0,"parent":0,"menu_order":2,"comment_status":"closed","ping_status":"closed","template":"","meta":{"footnotes":""},"class_list":["post-45","page","type-page","status-publish","hentry"],"_links":{"self":[{"href":"https:\/\/blogg.folkuniversitetet.nu\/alexto\/wp-json\/wp\/v2\/pages\/45","targetHints":{"allow":["GET"]}}],"collection":[{"href":"https:\/\/blogg.folkuniversitetet.nu\/alexto\/wp-json\/wp\/v2\/pages"}],"about":[{"href":"https:\/\/blogg.folkuniversitetet.nu\/alexto\/wp-json\/wp\/v2\/types\/page"}],"author":[{"embeddable":true,"href":"https:\/\/blogg.folkuniversitetet.nu\/alexto\/wp-json\/wp\/v2\/users\/967"}],"replies":[{"embeddable":true,"href":"https:\/\/blogg.folkuniversitetet.nu\/alexto\/wp-json\/wp\/v2\/comments?post=45"}],"version-history":[{"count":13,"href":"https:\/\/blogg.folkuniversitetet.nu\/alexto\/wp-json\/wp\/v2\/pages\/45\/revisions"}],"predecessor-version":[{"id":388,"href":"https:\/\/blogg.folkuniversitetet.nu\/alexto\/wp-json\/wp\/v2\/pages\/45\/revisions\/388"}],"wp:attachment":[{"href":"https:\/\/blogg.folkuniversitetet.nu\/alexto\/wp-json\/wp\/v2\/media?parent=45"}],"curies":[{"name":"wp","href":"https:\/\/api.w.org\/{rel}","templated":true}]}}